Calculate p(o).
24
Let u(t) = -9*t - 11. Let f(i) = -18*i - 21. Let d(w) = 4*f(w) - 7*u(w). Give d(9).
-88
Let s be -5 + -2 - -4 - -4. Let v be 2 + s + (-24 - -18) + 6. Let x(y) = -v*y**2 + 1 + 2*y**2 - 3 - 2*y + 0*y**2. Calculate x(-5).
-17
Let i(z) = -97*z + 38. Let y(m) = -42*m + 20. Let n(b) = 3*i(b) - 7*y(b). What is n(3)?
-17
Let w(s) = 15*s + 7. Suppose 235 = -5*k + 2*o + 217, k = o - 3. Determine w(k).
-53
Let p(k) be the third derivative of k**5/60 - k**4/12 - 2*k**3/3 - 84*k**2. Calculate p(-2).
4
Let l = 39 + -37. Let d(o) = -14 + o**l + 13 + 6*o**3 - 10*o**3. What is d(-1)?
4
Suppose 0 = 3*q + 2*c + 10, 3*q - c + 5*c = -2. Let f(o) = 21 - 32*o**3 - 190561*o**2 + 190554*o**2 + 11*o**3 + 20*o**3 - 2*o. What is f(q)?
-3
Let i = -4335 + 4337. Let z(g) = -2*g**2 + 8*g - 11. Determine z(i).
-3
Suppose 3*d = 9, 5*j - 2*d - 24 = -5*d. Let r(y) be the third derivative of 106*y**2 + 1/8*y**4 - 1/2*y**3 + 1/60*y**5 - 1 + 0*y. Determine r(j).
15
Let y(v) be the third derivative of -v**5/12 - 3*v**4/8 - 10*v**3/3 + v**2 - 22*v. Let u(f) = 2*f**2 + 4*f + 9. Let d(j) = -9*u(j) - 4*y(j). What is d(-2)?
7
Let r(j) = -2*j**3 - 9*j**2 + 19*j - 2. Let b be r(2). Let l(o) = o**3 + 17*o**2 + 16*o - 5. Calculate l(b).
-5
Suppose -141*j - 2 = -143*j. Suppose -2*c - h = -2*h + j, -5 = 4*c - 5*h. Let v(t) = -t - 1 + 2*t**2 + 0*t**2 - 3*t**2. Give v(c).
-1
Suppose -353*n + 354*n + 2*u = 4, n - 4 = -u. Let q(m) = -m**3 + 5*m**2 + 4*m - 10. Calculate q(n).
22
Let q(k) = 3*k + 1. Let n = -121 + 85. Let h = n - -42. Suppose 14 = -8*f - h*f. Calculate q(f).
-2
Let w(x) = -x + 3 - 4*x + 6 - 7. Let f be 83/(-27) - (15 + (-6105)/405). Give w(f).
17
Let m(v) = -110*v - 212. Let o(x) = -78*x - 142. Let u(r) = -5*m(r) + 7*o(r). Calculate u(-18).
-6
Let d(w) = -5*w - 11. Let y(l) = -2*l**3 + 4*l + 5. Let v be y(-2). Let u(q) = 11*q + 24. Let g(z) = v*d(z) + 6*u(z). Determine g(-8).
-7
Let w(k) = k**2 - 5*k. Let f be w(2). Let o(a) = 3*a + 7. Let s be (-2)/9 - (156/27 - 4). Let q(j) = j - 1. Let p(r) = s*q(r) + o(r). Determine p(f).
3
Suppose 7 = 2*f - 3. Let v be (-2)/f - (-480)/75. Let j(z) = -z**3 + 5*z**2 + 6*z - 9. Determine j(v).
-9
Let t = 4660 + -4613. Let n(w) = 14*w - 652. Calculate n(t).
6
Let n(j) = 10*j + 2. Let a be n(0). Let l(c) = -6*c - 3 + a - 8*c. Suppose 3*p = -2*d + 2*p, -2*d - 2*p + 2 = 0. Determine l(d).
13
Let t(d) = -2*d**3 + 3*d**2 + 3*d + 2. Suppose 0 = m + 4*x + 2 + 31, 4*m + 24 = -4*x. Give t(m).
-16
Suppose -4*v + 15 = z, -2*v - 18 - 6 = -4*z. Let a(c) = -242*c**3 + z - 9*c**2 - 244*c**3 + 484*c**3 + 6*c. Determine a(-5).
2
Suppose -3*c = l - 2, -4*l + c - 62 = -c. Let u = l - -17. Suppose 0 = -4*j + 8 + u. Let f(w) = w**3 - 3*w**2 + 3*w + 2. Determine f(j).
11
Let d(a) = 14*a + 12 + 4*a**2 + 3*a**2 - 6*a**2. Suppose -282*w + 286*w - 48 = 2*r, 0 = -5*r + 4*w - 90. Determine d(r).
12
Let k(r) be the first derivative of -r**4/4 - 26*r**3/3 + 12*r**2 - 76*r - 118. Let x be k(-27). Let v(o) = -o + 7. Determine v(x).
2
Let r(p) = -p**3 + 25*p**2 - 44*p - 11. Let h be r(23). Let q(l) = 42*l - 7*l**2 - 7 - l**3 - h*l - 3. What is q(-8)?
-2
Suppose 2*d + c - 16 = -2*d, 0 = -4*d + 5*c + 16. Suppose -d*r + 18 = -r. Let x(k) = 4 - k**3 + 1 + k + 2*k - 5*k**2 - 3 + 10*k**2. What is x(r)?
-16
Let f = 11110 - 11075. Let x(v) be the second derivative of -f*v + 1/12*v**4 - 2*v**2 + 5/3*v**3 + 0. Give x(-10).
-4
Let c(v) = v**2 + 7*v - 27. Let j(n) = n**3 - 4*n**2 - 16*n - 45. Let z be j(7). Calculate c(z).
3
Suppose 4*j - 4*z - 808 = 0, 4*z - 10 = -z. Let t(r) = r + 416*r**2 + 4 - 2 - 211*r**2 - j*r**2. What is t(3)?
14
Let u be 21*50/(-45) + 3/9. Let d(g) = g**3 + 23*g**2 + 6*g + 17. Give d(u).
-121
Let l(q) = q**2 - 3*q + 3. Suppose 27*s - 24*s - 36 = 0. Suppose -s*w + 14 = -10*w. Suppose -n + 25 = -2*y + w*y, 0 = -y + 2*n + 5. Calculate l(y).
13
Let k = 452 - 447. Let t(n) = -13*n**3 + 8*n**2 - 7*n - 6*n + 14*n**3 + k + 5*n. Give t(-9).
-4
Let o(l) = l**3 - 6*l**2 - 1. Suppose 5 = -f - 3*k, 26 = 5*f - 6*k + 4*k. Suppose 8*m = 3*p + f*m - 34, 3*m = 2*p - 24. What is o(p)?
-1
Let z(n) = -16*n + 16*n + 362*n**3 - 182*n**3 - 184*n**3. What is z(1)?
-4
Suppose -25*v + 426 = -91 - 133. Let s(t) = t**3 - 27*t**2 + 23*t + 81. What is s(v)?
3
Let z(i) = -6*i - 8. Let t = 4256 + -4261. Determine z(t).
22
Suppose 4*b - 5*b = -2. Let a(p) = 49*p - 50*p - p**3 - 3 + 5*p**b + 4. Let i(x) = -7*x**2 + 21*x + 2. Let r be i(3). Calculate a(r).
11
Suppose 16*y - 6 = 13*y. Let x be y + (9 - 16 - (-2 - 0)). Let w(k) = k**2 + 3*k - 1. Give w(x).
-1
Let x(b) be the second derivative of b**5/20 + 5*b**4/6 + 10*b**3/3 + 5*b**2/2 + 167*b - 1. Calculate x(-7).
12
Let v be (-580)/29*12/20. Let d(c) = -8*c - 77. Determine d(v).
19
Let x(u) = 13*u - 127. Let g be x(10). Suppose 0 = -g*s + 2*o + 3*o - 76, -4*o - 65 = 5*s. Let m(r) = -2*r - 37. Calculate m(s).
-3
Suppose -47*z + 49*z - 14 = 0. Let k(g) = -g + 3. Let u(h) = 3*h - 9. Let r(f) = z*k(f) + 2*u(f). Determine r(-2).
5
Let j(u) = -u**3 - 7*u**2 - 18*u - 50. Let i be j(-5). Let t(g) = 2*g + 21. Give t(i).
1
Let q be 14/(1 + (-33)/31) + 1. Let h = -222 - q. Let z(j) = -j**2 - 6*j - 5. Give z(h).
-5
Let w(m) = 13*m - 24. Let i(o) = -7*o + 11. Let d(b) = -9*i(b) - 5*w(b). Give d(-17).
55
Let x(a) be the third derivative of a**5/20 - a**4/12 - a**3/6 + 182899*a**2. Suppose -6*z + z = -15. Suppose 0 = z*v - 3*o + 12, 5*o - 7 = 8. Determine x(v).
4
Let k be (84/(-24))/(-10 + 105/10). Let r(l) = -l**2 - 17*l - 72. Calculate r(k).
-2
Let w(u) = -u**3 + 8*u**2 - 9*u - 2. Let k(s) = s**3 + 41*s**2 - 134*s + 9. Let r be k(3). Give w(r).
16
Suppose -4*q + 1312 = -3*k + 1314, q - k = -2. Let f(r) be the first derivative of -3/2*r**2 - 17 + 1/4*r**q - 1/3*r**3 - r. Give f(-2).
-7
Let g(h) = h**2 - 9*h + 1. Let r be g(8). Let q(m) = 2*m**2 + 14*m + 6. Let i be q(r). Let t(x) = 1 - i*x - 2*x - 2*x**2 + x**2 - 6. Give t(-5).
10
Let a(m) = 2*m**3 + 2*m - 1. Let c(k) = 13*k**3 + 31*k**2 - 53*k + 26. Let d(z) = 6*a(z) - c(z). Calculate d(-33).
1
Let o(w) be the second derivative of -w**3/6 + 3*w**2/2 - 30*w. Let i(k) = 8*k - 26. Let l be i(4). Calculate o(l).
-3
Let i(a) = -2*a**3 - 26*a**2 - 19*a + 10. Let q(x) = 2*x**3 + 22*x**2 + 17*x - 10. Let b(u) = 6*i(u) + 7*q(u). Determine b(2).
8
Let a(o) = o**2 + 23*o + 2. Suppose 4*i - 3592 = -3684. Determine a(i).
2
Let g(k) = 156*k**3 + 9*k + k**2 - 325*k**3 + 168*k**3. Calculate g(0).
0
Let k(a) = 23*a + 383. Let n(m) = 3*m + 50. Let f(g) = -k(g) + 7*n(g). Give f(-6).
-21
Let d(x) = x**3 - 8*x**2 - 9*x - 6. Let n be (4 + (-204)/60)*(0 - -15). Give d(n).
-6
Let l(x) = x**3 - 5*x**2 - 3*x + 7. Let j = 32 - 17. Let r(f) = -15*f**2 - 1 + 0*f**3 + f**3 + 21 + 19*f - 20*f. Let p be r(j). Calculate l(p).
-8
Let o(w) = 8 + w**2 + 1 - 3 + 10*w - 2*w. Let h be 160/(-32) - 12/12. What is o(h)?
-6
Suppose -1213*n + 43 = -1256*n. Let h(f) = 7*f**2 - 4*f - 2. Determine h(n).
9
Let w(b) be the second derivative of -b**4/4 - 53*b**3/6 - 27*b**2/2 + 1367*b. Determine w(-17).
7
Suppose 35*g - 1001 = -1841. Let c(h) = h - 6. Give c(g).
-30
Let w(y) = -270 - 3172*y - 3184*y + 6381*y. Determine w(11).
5
Let n(r) = -r - 6. Let k(w) = -5*w - 39. Let o(z) = k(z) - 6*n(z). Let g be 4/(-18) - (-25)/(-9). Let h = g - 1. Give o(h).
-7
Let s(p) = -5*p**2 - 15*p - 11. Let v(o) = -o**2 + 31*o - 3*o**2 + 23 + 8*o**2 + 7*o**2. Let m(c) = 9*s(c) + 4*v(c). Give m(-9).
11
Let a(b) be the second derivative of 1/20*b**5 - 98*b - 5/3*b**3 + 6*b**2 + 0 + 1/3*b**4. Calculate a(-6).
0
Let j = -29 - -32. Let h(d) = -52*d**j - d + 65*d**3 - 12*d**3 + 3 - d**2. What is h(0)?
3
Suppose 4*h - 3*x = 31, -h + 4*x + 40 = 4*h. Let c(l) be the third derivative of -l**6/120 + l**5/15 + l**4/24 - l**3 + 55419*l**2. Give c(h).
-2
Let p = -419 - -423. Let g(o) = -21*o + 9 + 45*o - 22*o + p. Give g(-8).
-3
Let c = 45 + -42. Let y(h) be the first derivative of -h**4/4 + 5*h**3/3 - 3*h**2/2 - 4*h + 550. Give y(c).
5
Let c = -5 + 17. Let f(u) = 17 + 7*u**2 - 11*u + 10*u**2 - 1146*u**3 + 557*u**3 - 4*u**2 + 588*u**3. Determine f(c).
29
Let i(g) = 4*g**3 - 20*g**2 + 20*g - 31. Let u(a) = 7*a**3 - 39*a**2 + 41*a - 63. Let z(h) = 5*i(h) - 3*u(h). Determine z(16).
-78
Let w(h) be the third derivative of 17*h**2 + 0*h + 0 + 1/15*h**5 + 0*h**3 + 1/24*h**4 + 1/1